 of o(h)?
1
Let a(w) = -w**3 - w**2 + w + 14. Suppose 4*i - 5*i = 0. What is the units digit of a(i)?
4
Let d(u) = -u + 1. Let n be d(-1). Suppose 4*k = n*s - 74 - 22, -s = 3*k - 53. Suppose o + s = 6*o. What is the tens digit of o?
1
Let d be 74*(-4 - -3)/(-2). Suppose d + 18 = a. What is the tens digit of a?
5
Let c be (-14)/(-8) - (-1)/4. Suppose -d - 6*p + c*p + 55 = 0, 3*d - 135 = 3*p. What is the units digit of (d + -1 + -1)/1?
5
Let j(y) = -11*y + 23. Let a(m) = -11*m + 24. Let g(r) = 5*a(r) - 4*j(r). What is the units digit of g(-6)?
4
Let k(f) be the third derivative of f**6/120 + f**4/6 + f**3/6 - 9*f**2. Let c be k(3). Let t = c - 13. What is the tens digit of t?
2
Let w(u) = -7*u - 17. Let m be w(-3). Suppose 0 = 2*c - m*n - 168, 0*c - 396 = -4*c - 4*n. What is the units digit of c?
4
Suppose 2*p = -3*g + 3255, 0*p + 2*p + 5*g - 3261 = 0. What is the thousands digit of p?
1
Let h(v) = v**3 + 5*v**2 - v - 3. Let k be h(-5). Suppose 3*j - k - 16 = 0. Let d(i) = -i**2 + 12*i + 2. What is the tens digit of d(j)?
3
Let u be 4*(327/24*-6 + 2). Let v = -210 - u. What is the hundreds digit of v?
1
Suppose -j - 202 = 3*f - 932, -2*f = -5*j + 3650. What is the hundreds digit of j?
7
Suppose 4*g - 4 = -0*x + 4*x, -4*x + 3*g = 0. Let z(l) = 6 - 5 + 6*l**x + 14*l**3 - l + l**2. What is the units digit of z(1)?
1
Let c(h) = h + 7. Let w be c(-4). Suppose y + 5*f = 236, -w*y + 0*f + 2*f = -793. What is the units digit of y?
1
Let m = 913 + -362. What is the units digit of m?
1
What is the units digit of (9678/36)/(-5 + 186/36)?
3
What is the tens digit of 5720/13 + -11 + 7*1?
3
Suppose -5*p + 22 = -8. Let i be 1025/35 - 2/7. Suppose 0 = 2*k - 2*l - 18, 3*l + i = k + p*l. What is the tens digit of k?
1
Suppose -18*n + 20*n = 18. Let v be (-8 + n)*(2 + 7). What is the tens digit of v/(4/(-12)*-1)?
2
Suppose -5*w + 220 = -4*w. Suppose 2*x - 90 = -w. Let m = -23 - x. What is the tens digit of m?
4
Let y = 35 + -67. Let q = y + 78. What is the tens digit of q?
4
Let w(l) = l + 10. Let g be 135/15*(-1)/(-3). Suppose 0 = -g*i + 23 - 8. What is the units digit of w(i)?
5
Let d(s) = -s + 10. Suppose 6*n = n + 40. Let c be d(n). Suppose 2*w - 82 = -w + c*r, -5*r - 25 = 0. What is the tens digit of w?
2
Suppose 10*b + 5*w - 1966 = 7*b, -5*b + 3266 = 3*w. What is the tens digit of b?
5
Let l = 82 - 82. Suppose l = -7*d + 77 + 259. What is the units digit of d?
8
Let b = 24 - 15. Suppose -5*q - b = -34. Suppose 4*t = -5*a + 114, 3*a + q*t = a + 32. What is the tens digit of a?
2
Let q(g) = -11*g**2 - g + 1. Let f be q(2). What is the units digit of f*((-165)/90 + (-6)/(-4))?
5
Suppose 3*o + 35 = 10*o. Suppose o*b = 4*c - 271, 3*b - 3 = -0. What is the units digit of c?
9
Suppose -8*q + 15*q = -322. Let p = 101 + q. What is the units digit of p?
5
Let g(r) = -9*r + 4. Let z be 8/(-6)*84/8. What is the units digit of g(z)?
0
Let p(v) = -6*v - 4. Let a be p(-2). Let u(i) = i**2 + 3. What is the tens digit of u(a)?
6
Suppose 2*t = 2*u + 80, 0 = -u + 6*u + 3*t + 208. Let x(d) = 5*d**2 - 19*d + 63. Let m be x(4). Let b = u + m. What is the tens digit of b?
2
Suppose 4*u = 7 + 13. Suppose -u*i = -166 - 84. What is the tens digit of i?
5
Suppose -5*t - 4*i = -0*i - 6189, -1245 = -t + i. What is the thousands digit of t?
1
Suppose 4*a + 7288 = 3*x, 16*x - 20*x + 5*a = -9718. What is the hundreds digit of x?
4
Suppose 0 = 4*k - a - 4*a - 710, 0 = -k + 4*a + 172. What is the hundreds digit of k?
1
Let g = 1010 - 49. What is the hundreds digit of g?
9
What is the tens digit of (-250)/3*((-4)/8 - 1)?
2
What is the hundreds digit of (-11 - (-4165)/21)/(2/3)?
2
Let p(l) = 50*l**3 + l**2 + 3*l - 5. What is the hundreds digit of p(2)?
4
Suppose 3*j + 4*c = c + 120, 2*j - 78 = -3*c. Let v = 60 - j. What is the units digit of v?
8
Let k be (10/30)/((-1)/(-3)) + -1. What is the units digit of (k + -1)*-1 - -2?
3
What is the hundreds digit of (-51)/(-102) - 459*2/(-4)?
2
Let p(q) = q. Let r(l) = -2*l + 3*l + 2*l. Let g(i) = 5*p(i) - 3*r(i). What is the units digit of g(-3)?
2
Let r be (-1)/((-2 + 1)/5). Let y be (40/(-14))/(6/(-21)). Suppose r*m - y - 5 = 0. What is the units digit of m?
3
Let v(s) = -6*s**3 - 2*s**2 + 3*s - 7. Let w be v(4). Let h = -213 - w. What is the tens digit of h?
9
Let s = 2148 - 1216. What is the hundreds digit of s?
9
Suppose -t = -4*z - 383 - 1112, -t - 5*z + 1459 = 0. What is the thousands digit of t?
1
Let a(d) = -8*d - 14. Let p be a(7). Let l be 28/p + (-64)/(-10). What is the units digit of (-2)/6 - (-26)/l?
4
Suppose 34*n - 4400 = 32*n. What is the thousands digit of n?
2
Suppose 0*u - 2*u = 62. Suppose -5*k - 75 = 3*x, -k + 4*x = 2*k + 16. Let q = k - u. What is the units digit of q?
9
Let h(q) = -q**3 + 10*q**2 + 12*q. Let m be h(10). Suppose -x + m = 2*t, -413 = -5*x + 5*t + 202. What is the tens digit of x?
2
Suppose -28*z + 14923 = -11481. What is the units digit of z?
3
Suppose 9 = 4*g - 3. Let x = 5 - g. What is the units digit of (x + 0)*(0 - -12)?
4
Let n(z) = -z**2 + 3*z + 4. Let r be n(4). Suppose r*s = 5*s. Let i = s - -5. What is the units digit of i?
5
What is the tens digit of (2 - -7)*(62 - -4)?
9
Let k be 40/(-1) + 4 + -3. Let z = 89 + k. What is the units digit of z?
0
Suppose 2*p = -2*i + 3952, -10*p - 4*i = -7*p - 5933. What is the thousands digit of p?
1
Suppose 22401 = 25*i - 6*i. What is the tens digit of i?
7
Let q(t) = 2*t + 8. Let x = 152 + -142. What is the units digit of q(x)?
8
Suppose -8*c - 573 = -5077. What is the tens digit of c?
6
Suppose -414 = -0*f + f. What is the units digit of f/(-4) + (-1)/8*-4?
4
Suppose 0 = 5*t + 20, 4*h = 5*h - t - 164. What is the tens digit of h?
6
Suppose 0 = -22*g + 23*g - 4*r - 99, g = 2*r + 91. What is the units digit of g?
3
Let x(q) = -5 + 2*q + 2*q - 1 - 3*q. Let a be x(8). Suppose a = -4*z + 70. What is the units digit of z?
7
Let m(y) be the third derivative of y**6/120 + 2*y**5/15 - 11*y**4/24 - 5*y**3/6 + 2*y**2. Let l be m(-9). What is the units digit of (-4)/(12/(-9)) + l?
6
Let o be -1 - -3*(0 - -2). Let s = 11 + o. Let b = 18 - s. What is the units digit of b?
2
Let h = 2 + 0. Let k be 1 + -4 + h + 5. Suppose -q - 5*d + 3 = -10, -k*d - 58 = -q. What is the units digit of q?
8
Let x(n) = n + 2. Let k be x(3). Suppose -2*f - 3*f + 60 = 0. Let d = k + f. What is the tens digit of d?
1
Let x(s) = -s**2 - 25*s + 298. What is the units digit of x(-24)?
2
Suppose -179 = -6*n - 23. Let p = 30 - n. Suppose -w = 2*o - 60, -o + 100 = 2*o + p*w. What is the tens digit of o?
2
Let r = 3 - 20. Let s = r - -21. Suppose 3*i + 157 = 8*i - s*d, -10 = -5*d. What is the tens digit of i?
3
Let b = 99 + -81. Suppose 14*x - b*x + 608 = 0. What is the units digit of x?
2
Let i = 30 + -31. What is the tens digit of 2/(45/(-204) + i/(-4))?
6
Let v(n) = -3*n - 3. Let g be v(-2). Let o be (-34)/(-2)*g/3. Suppose 0 = -2*f + o + 19. What is the tens digit of f?
1
What is the tens digit of 2/(90/(-9))*-22145?
2
Let x = 9 - 25. Let v = -13 - x. What is the units digit of -4*3/((-9)/v)?
4
Suppose 3*p + 4*d + 294 = 0, p - 2*d = 3*d - 98. Let t = p + 44. Let w = -24 - t. What is the tens digit of w?
3
Let w = -17 - -18. Let c(q) = 65*q**3 - 1. Let r be c(w). Suppose -3*p - 3*n = -105, -4*n = 2*p - r - 14. What is the units digit of p?
1
Let o = 7 - 9. Let h(i) = -61*i - 1. Let z be h(o). Suppose 5*a = -31 + z. What is the tens digit of a?
1
Let f = -9 - -17. What is the tens digit of 6/8 + 210/f?
2
Let y(p) = 22*p**3 + 3*p**2 - 5*p + 3. Let w be y(1). What is the tens digit of (w/2)/(23/230)?
1
Let q(z) = 16*z - 1. What is the units digit of q(7)?
1
Suppose -2*u + 3 + 3 = 0. Suppose 0 = u*x - 174 - 396. Suppose 0 = 5*o - 2*l - x, -l = -5*o - 4*l + 190. What is the units digit of o?
8
Let y(d) = d**3 + 4*d**2 - 5*d + 5. Let f be y(-5). Suppose 5*l = 6*l - f. Suppose -4*j = -l*j + 22. What is the units digit of j?
2
Suppose 4*o - i = 4, 5*o - 2 - 3 = -5*i. Let u(k) = 105*k**2 + 3*k. What is the units digit of u(o)?
8
Suppose 4*s = -61*m + 56*m + 1170, 3*s = m - 215. What is the tens digit of m?
3
Suppose 7*d - 19 = 2. Suppose 5*u = 23 - d. Suppose u*g + 79 - 199 = 0. What is the tens digit of g?
3
Suppose 37*j - 14809 = 7576. What is the hundreds digit of j?
6
Suppose f + 4403 = 4*f - z, z + 1467 = f.